mainder when j(-5) is divided by 15?
10
Let i = -65 - -70. Suppose -i*x - 4*r = -136, -4*r = -4*x - 2*r + 88. Calculate the remainder when 142 is divided by x.
22
Let b(v) = 27*v + 1. Suppose -5*m = -3*d + 1, -2*m = -4*d - 0*m + 6. What is the remainder when b(d) is divided by 4/4*-2 - -16?
13
Suppose -2 = -2*c - 10, 3*w - 32 = 2*c. Suppose r - 2 = w. Let o(x) = -20*x - 1. What is the remainder when o(-1) is divided by r?
9
Calculate the remainder when ((-38)/(-57))/(2/36) is divided by 3.
0
Let a(w) = -2*w**2 + 94*w - 310. Calculate the remainder when a(42) is divided by 13.
6
Let f = 1320 + -1294. What is the remainder when 86 is divided by f?
8
Let g = -44 + 57. Suppose 28 = -0*l + 4*l + 3*p, 14 = 2*l + 2*p. Calculate the remainder when g is divided by l.
6
Let v(b) = -9*b - 6. Let p be v(-1). Suppose -4*j + 331 = -p*r, -3*j - 3*r + 8*r + 251 = 0. Calculate the remainder when j is divided by 17.
14
Let j = 46 - 27. Suppose -5*l + 108 = -162. What is the remainder when l is divided by j?
16
Suppose 5*a + 3*h - 17 = 0, -3*a - 5 + 0 = -2*h. Suppose -4*b - a - 7 = 0. What is the remainder when 1/((-4)/38)*b is divided by 11?
8
Let u(p) = 5*p - 26. Let k be u(8). Suppose w - k = t, 14 + 54 = 4*w + 2*t. Suppose n = -2*n + 90. Calculate the remainder when n is divided by w.
14
Suppose -5*p + 11 = -64. Let u(t) = -2*t - 11. Calculate the remainder when 20/p*15/2 is divided by u(-7).
1
Suppose 5*y - 306 - 54 = 0. Suppose -j - v = -2*v - 68, 2*v + y = j. What is the remainder when j is divided by 22?
20
Suppose -3*j - 24 = -2*m + j, -m = -4*j - 22. Let g be 1 - (m - 2) - -1. Suppose -2*f + 28 = g*f. What is the remainder when 12 is divided by f?
5
What is the remainder when (-621663)/(-1470) + (-2)/(-20) is divided by 116?
75
Let u = -741 + 933. Calculate the remainder when u is divided by 66.
60
Let g = 0 + 4. Suppose 3*k = k - g. Calculate the remainder when k*(-2 + -1 - 16) is divided by 13.
12
Suppose 4*n = -63 + 151. Calculate the remainder when 131 is divided by n.
21
Let u(q) = 2*q + 4. Calculate the remainder when 184 is divided by u(22).
40
Let x be (-5)/(-1) + 2370/6. Calculate the remainder when (-1*1/2)/((-2)/x) is divided by 35.
30
Let g = 233 + -128. What is the remainder when g is divided by 12?
9
Let v = -48 + 12. Calculate the remainder when 49 is divided by (v - -2)*(-8)/16.
15
Let v = 9 + -6. Suppose 0 = 3*k - 4*k + 3. Calculate the remainder when (-9)/(-6) - k/(-6)*11 is divided by v.
1
Calculate the remainder when 248 - (276/46 + 13*-1) is divided by 101.
53
Let y(t) = 3*t**2 - 6*t - 27. Calculate the remainder when y(9) is divided by 59.
44
Let j(w) = -4*w**2 - w - 1. Let i be j(2). Let t = i + 23. Suppose t*m - 4*r - 36 = 0, -6*r = -r - 25. Calculate the remainder when m is divided by 5.
4
Let r(o) = -39*o - 136. What is the remainder when r(-10) is divided by 13?
7
Suppose -37 + 1 = 4*w. Let q = 23 + w. Calculate the remainder when 53 is divided by q.
11
Suppose 3*j - 11*j + 240 = 0. Calculate the remainder when 89 is divided by j.
29
Let n = -4 + 14. Suppose 12*r - 126 = 5*r. Calculate the remainder when r is divided by n.
8
Let s = 259 + -197. What is the remainder when s is divided by 33?
29
Let i(j) = 0*j**2 + 6 + 7*j - 3 + j**2. Calculate the remainder when 31 is divided by i(-8).
9
Let k(t) = -t**2 - 4*t - 2. Let l be k(-1). Let c(v) = -3*v - 6 + 3 - l - 9. Calculate the remainder when 27 is divided by c(-9).
13
Let d = -523 + 653. Calculate the remainder when d is divided by 45.
40
Suppose c - 38 = 5*d, -8*c + d + 262 = -3*c. What is the remainder when c is divided by 122/14 + 90/315?
8
Suppose 2*w = -o - 0*o + 7, -3*w + 4*o + 5 = 0. Suppose -80 = r - w*r. What is the remainder when r is divided by 22?
18
Let a be (-2)/(12/(-30)*(-10)/(-34)). Let k = 30 - a. What is the remainder when 20 is divided by k?
7
Let q(r) = 3*r**2 + 20*r - 6. Calculate the remainder when q(11) is divided by 20.
17
Suppose -3 + 178 = t. What is the remainder when t is divided by 44?
43
Let n(o) = 3*o**2 - 9*o - 39. Calculate the remainder when n(-5) is divided by 17.
13
Let m(n) = 29*n**2 - 12*n - 20. What is the remainder when m(-2) is divided by 18?
12
Suppose -176 = -4*g - 5*m, -5*m - 17 - 199 = -4*g. Calculate the remainder when g is divided by 16.
1
Suppose 16*w = -59*w + 300. Suppose 29 + 11 = 4*r. Calculate the remainder when r is divided by w.
2
Suppose -3*n + a + 33 = 0, 5*n - 60 = 2*a - 5. Suppose 28 = r + n. Suppose 55 = 3*v + 8*v. What is the remainder when r is divided by v?
2
What is the remainder when (0 + 56/21)*15/1 is divided by ((-2)/(-2) - 0) + 6?
5
Let d(u) = -6*u + 3*u - 6 + 0*u. Let z = 7 - 14. What is the remainder when 26 is divided by d(z)?
11
Suppose 21 = -6*c + 51. Suppose -3*b = -4*u + 29, 0 = -c*u - 6*b + 4*b + 42. Calculate the remainder when 31 is divided by u.
7
Suppose -30*r = -12688 - 5582. What is the remainder when r is divided by 61?
60
Let s = 149 + -127. Suppose 4*j - 3*v - 18 = j, 3*v = 2*j - 13. What is the remainder when s is divided by j?
2
Let v(r) = -2*r + 7. Let k be v(6). Let m(h) = -h**3 - 4*h**2 + 6*h + 4. Let o be m(k). Let q = 12 - o. Calculate the remainder when 25 is divided by q.
12
Let b = 405 - 383. What is the remainder when b is divided by 13?
9
Let x = -1 + 8. Suppose -s + l = 3*l - 22, 4*l = -s + 28. Let b = s + -11. What is the remainder when x is divided by b?
2
Let w = 20 + 21. Let n(d) = d**2 + 8*d - 98. Calculate the remainder when w is divided by n(7).
6
What is the remainder when 519 is divided by -1*(-89 - -6) - 2*-2?
84
Suppose 22 + 18 = t. Calculate the remainder when -1 + 0 - (1 - (82 - 5)) is divided by t.
35
Let r be -2 - (1/(-3) + 3/9). What is the remainder when (-228)/(-2 - 4) + 4/r is divided by 10?
6
Suppose 156 - 48 = -2*o. Calculate the remainder when 13 is divided by (-12)/(-42) - o/7.
5
Suppose 4*i = 3*w - 56 + 21, -2*w + i = -25. What is the remainder when w is divided by 8?
5
Let s(x) = -211*x - 2104. Let d(i) = -i**3 - 6*i**2 - 6*i - 6. Let u be d(-5). Calculate the remainder when 8/(u - 3/(-2)) is divided by s(-10).
4
Let y = 448 + -405. Calculate the remainder when 164 is divided by y.
35
Let n(m) = -8*m**3 - 2*m**2 - 3. Let u be n(-2). Let g = u + -40. Calculate the remainder when (-2 - -3)/(1/48) is divided by g.
9
Let d(m) = 22*m - 55. Let l = 14 - 5. Calculate the remainder when d(4) is divided by l.
6
Let q be (-2 + -5)/(0 - 1). Suppose -3*p - 116 = -q*p. Calculate the remainder when p is divided by 5.
4
Let x = 1200 + -1193. Let i = 75 + -41. Calculate the remainder when i is divided by x.
6
Let t = -44 + 50. Suppose 3*h - 2 = 4*a, -3*h = -0*h - t. Calculate the remainder when 1 is divided by a.
0
Let v(t) = -13*t**3 + 2*t - t - 1 + 4*t**2 - 3 + 16*t**3. Let z be v(-2). Let a = z + 34. Calculate the remainder when 59 is divided by a.
19
Let n(g) = 5*g**2 + 9*g + 47. Calculate the remainder when n(-5) is divided by 43.
41
Calculate the remainder when 47 is divided by (1316/35 - 12/20) + -1.
11
Calculate the remainder when (11 - -15)*(4 - 2) is divided by 27.
25
Suppose 0 = -19*q + 5187 + 5985. What is the remainder when q is divided by 5?
3
Let g = 6 + -4. Suppose -15 = 6*w - w, 5*s - 26 = g*w. Calculate the remainder when s is divided by -3 - -10*(-2)/(-4).
0
Suppose 230 + 1442 = 8*m. What is the remainder when m is divided by 70?
69
Let x(p) = -p - 2. Suppose -4*d = 30 + 2. Calculate the remainder when x(d) is divided by (-1)/1 + 2 + 2.
0
Suppose 2*h - 35 = -r, 0 = -3*r + 5*h - 4*h + 91. Let g = -23 + r. Let n = g + -5. Calculate the remainder when 4 is divided by n.
1
Let q(g) = 10*g - 5. Let o be q(3). Suppose 20 = -o*s + 30*s. Suppose -s*i - 2*a + 72 = 0, 2*a + 60 = 5*i - 3*a. What is the remainder when 79 is divided by i?
15
Let l(z) = -z**3 - 2*z. Suppose 11*f - 376 - 537 = 0. Calculate the remainder when f is divided by l(-2).
11
Let w(o) = -o**2 + 15*o + 7. Let u be w(14). Let h = u - 18. Calculate the remainder when 11 is divided by h.
2
Let n = 274 + -232. What is the remainder when n is divided by 32?
10
Let q be (9/(-4))/(24/(-32)). Suppose q*c = -19*c + 242. What is the remainder when 96 is divided by c?
8
Suppose 0 = -6*o + 2*o + 4, 0 = 5*f + o - 236. What is the remainder when f is divided by (((-15)/9)/(-1))/((-45)/(-324))?
11
What